at is the hundreds digit of j(33)?
2
Let q = 11482 + -4007. What is the hundreds digit of q?
4
Let r be 7/(-42)*-6 + -277. Let i = 1146 + r. What is the units digit of i?
0
Let b(s) = -3*s**2 - 7*s. Let i be b(-3). Let o be i/(-108)*32 - (-2)/9. Suppose -3*f - 29 = -2*c, -o*f + 3*f - 27 = -3*c. What is the tens digit of c?
1
Suppose 255216 = 24*t + 27456. What is the tens digit of t?
9
Let a be (490/(-8) - 4)*8/(-3). Let y be (12/8)/((-117)/40 - -3). What is the tens digit of y/4 + -6 + a?
7
Let c be 4/42*49*6/7. Suppose -2*i - b + 1027 = 0, 2575 = 4*i + i + c*b. What is the tens digit of i?
1
Suppose -7*q - 12 = -187. Let j be 5/q + (-852)/(-15). Suppose j = -0*x + x. What is the tens digit of x?
5
Let c(y) = -232*y**3 + 2*y**2 + 3*y + 2. Let a be c(-2). Suppose -a = 442*w - 445*w. What is the tens digit of w?
2
Suppose -7*h - 7*m = -8*m - 247723, 5*h - 176975 = 5*m. What is the tens digit of h?
8
Suppose 2331904 = -5*w + 32*w + 37*w. What is the thousands digit of w?
6
Let p(n) be the first derivative of 8 + 5/3*n**3 - 1/2*n**2 + 2*n. What is the units digit of p(4)?
8
Suppose 3*z - 5*r - 7 = 10, -2*z + 3*r + 12 = 0. What is the units digit of (37/(-1) - 2)*(-84)/z?
4
Suppose -25172 - 14527 + 265646 = 17*u. What is the hundreds digit of u?
2
Suppose 0 = 209*t - 1248945 - 554725. What is the units digit of t?
0
Let m(y) = y**3 - 6*y**2 + 8*y + 6. Let t be m(6). Let j be 9/9 - -4*4. Let d = j + t. What is the tens digit of d?
7
Let a(l) = 182*l**2 - 3*l - 3. Let y be a(-1). Let b = 250 - y. What is the tens digit of b?
6
Suppose -859*y + 862*y - 52274 = -5*i, -2*y = 5*i - 52271. What is the units digit of i?
3
Let r(l) = 36*l + 30. Let p = -94 + 97. Let h be 1/((-1)/p) + 7. What is the hundreds digit of r(h)?
1
Let d(r) = r + 12. Let a be d(5). Suppose a = -5*t - 3. What is the tens digit of -21*(t - -32)/(-4)?
4
What is the ten thousands digit of 3/((-27)/(-46704))*3?
1
Let i(p) = -p**3 + 18*p**2 - 2*p + 36. Let g be i(18). Suppose 3568 = 8*o - g*o. Suppose -3*t + 11*d - 6*d = -o, 0 = t + 4*d - 160. What is the tens digit of t?
5
Let a(f) = -77*f**2 + 3*f - 2. Let x be a(-3). Let g = -474 - x. What is the hundreds digit of g?
2
Let l = -588 - -382. Let d = l + 420. What is the tens digit of d?
1
Suppose 255*d = 265*d - 32940. What is the units digit of d?
4
Let g(t) = -34*t + 135. Let y(w) = -35 + 4 - 30 - 6 + 16*w. Let o(s) = -2*g(s) - 5*y(s). What is the hundreds digit of o(-12)?
2
Suppose -154 = 3*f + 4*u + 94, -5*u = 2*f + 177. Let k = 191 + f. Suppose -3*m = -101 - k. What is the tens digit of m?
7
Let w be (-6)/15 - 240/25. Let p be 4446/15 + 4/w. Suppose -5*s - 3*s = -p. What is the tens digit of s?
3
Let u(z) = 14*z**3 + 12*z**2 + 13*z - 266. What is the thousands digit of u(13)?
2
Let x = -11894 + 16984. What is the units digit of x?
0
Suppose 12 = 2*o + 2*o. Let k(f) = 5*f**3 - f**2 + f - 1. Let q be k(1). Suppose 0 = o*c - q*s - 106, s - 34 = -3*c + 67. What is the units digit of c?
4
Suppose 158*k - 5700063 = 1429213. What is the thousands digit of k?
5
Let a = -274 - -286. Suppose -21332 = -a*v - 2288. What is the hundreds digit of v?
5
Let o(d) = 11*d - 28. Let f be o(-19). Let a = f - -2. Let v = a - -330. What is the units digit of v?
5
Let p(b) = -11*b - 6*b**3 + 14 + 5*b**3 - 13*b**2 + b + b. Let l be p(-10). Let v = l - -378. What is the units digit of v?
2
Let u(q) = q**3 + 8*q**2 - 3*q - 10. Let b(t) = -t**2 + 8*t + 1. Let h = 43 + -34. Let v be b(h). What is the units digit of u(v)?
4
Suppose 3*t - 35681 = 5*a, -44165 = -4*t - 6*a + 3435. What is the tens digit of t?
9
Let l = 81 - 48. Let d = -19 + l. Let i(p) = -p**3 + 15*p**2 - 12*p - 4. What is the units digit of i(d)?
4
Suppose 0 = -838*l + 835*l - 3. What is the hundreds digit of -4 + 15708/33*(2 + l)?
4
Let c be (-35)/(-10)*(-7)/(147/(-30)). Suppose 0 = -n - 3*t + 1812, 4*n - c*t + t - 7200 = 0. What is the thousands digit of n?
1
Let a be (-3 - (-4 + -1279)) + -2. Suppose -58*z + 61*z = a. What is the hundreds digit of z?
4
Let n be (1 + 8 - 5) + -1. Suppose -n*g + 9*g = 1434. What is the units digit of g?
9
Let u = 426 + -414. Let o = 44 - u. What is the tens digit of o?
3
Suppose -6*z = -2*z - 4*u + 2384, 5*z = -2*u - 2966. Let h = z + 974. Suppose -n = -a + 86 + 38, 3*a - h = n. What is the units digit of a?
8
Let y(v) = 1257*v + 2210. What is the hundreds digit of y(5)?
4
Suppose 3*o + 5970 = 4*c + 19859, 0 = -5*o + 3*c + 23152. Suppose 25*j = 30906 - o. What is the tens digit of j?
5
Let p be 8/20 + (-162)/5. What is the hundreds digit of (-3540)/p - (84/32 - 3)?
1
Let j = 47795 + -24502. What is the units digit of j?
3
Let r = 65279 + -7742. What is the units digit of r?
7
Let u(k) = -6*k**3 + 3*k**2 - 12*k - 5. Let p be u(-3). Suppose b - 3*r - p = 0, r + 913 = 8*b - 4*b. What is the tens digit of b?
2
What is the ten thousands digit of (4 - 14)/(4/(-7478))?
1
Let l = -2 - -42. Let i = -41 + l. What is the tens digit of (5 + -6)/(i/19)?
1
Suppose -5*m + 14 = -46. Let n(y) = -3*y + 21. Let w be n(m). What is the units digit of 1477/35 - 12/w?
3
Let x = 200 - 132. Suppose 53 = 2*t + j, -2*t + x = -4*j - 10. What is the tens digit of t?
2
Let i(n) = -127*n**3 - 3*n**2 - 3*n - 6. Let j be i(-2). Let o = j - 403. What is the hundreds digit of o?
6
Let q(j) = -j**3 + 38*j**2 + 8*j - 31. Let m be q(38). Suppose m = 373*h - 372*h. What is the tens digit of h?
7
Let w(r) = -r**3 + 6*r**2 + 39*r + 11. Let d be w(10). What is the units digit of ((928 + d)*(2 - 4))/(-2)?
9
Let s = 85616 + -53917. What is the ten thousands digit of s?
3
Suppose -2*x - 76*x + 7*x + 2760906 = 0. What is the thousands digit of x?
8
Suppose -8*n - 66 = -5*n. Let s be (-48)/n - 4/22. Suppose 162 - 26 = s*b. What is the tens digit of b?
6
Let n(c) = -c**2 + 17*c + 4. Let p be n(17). Suppose 0 = y - p + 3, -l = -2*y - 298. What is the hundreds digit of l?
3
Let d(m) be the first derivative of m**4/4 - 3*m**3 + 4*m**2 + 9. Let k be d(8). Suppose -a - b = -120, -5*a + k*b + b + 612 = 0. What is the units digit of a?
2
Let d(i) = 33*i - 37. Let q be ((-24)/120)/(2/(-30)). What is the tens digit of d(q)?
6
Suppose 5*b - 2879 = 3*z, -z = -7*b + 3*b + 955. What is the units digit of 3 + (1 - z) - -1?
8
Suppose 753*i = 874*i - 5960581. What is the ten thousands digit of i?
4
Let u = 13707 + 15957. What is the ten thousands digit of u?
2
Suppose -2*s = -3*n + 24107 - 7023, -n + 5*s = -5712. What is the tens digit of n?
9
Let f = -591 + 622. Suppose 27*z + 1049 = f*z + r, -263 = -z - r. What is the units digit of z?
2
Let a(m) = -3*m - 9 + 5*m - 10 - 1. Let j be a(12). What is the units digit of 16*(40/4 - j)?
6
Suppose 3 = n + 7, 26384 = 2*b + 4*n. What is the hundreds digit of b?
2
Suppose -29*l - 385 = -3*y - 30*l, 506 = 4*y + 5*l. Suppose -y*q - 9196 = -148*q. What is the tens digit of q?
8
Let p be (1539/(-228))/(6/(-1136)). Suppose -1242 = -18*l + p. What is the tens digit of l?
4
Let m(n) = -182*n**3 - 14*n**2 + 15*n - 14. What is the thousands digit of m(-5)?
2
Let t(c) = -574*c**3 + 7*c**2 + 11*c + 6. What is the thousands digit of t(-3)?
5
Let c(t) = -1418*t + 5135. What is the units digit of c(-18)?
9
Let w = 8084 - 3956. Suppose 39*t + w = 5*y + 35*t, -y + 2*t + 822 = 0. What is the hundreds digit of y?
8
Suppose 0*c = 8*c - 28272. Suppose -4*y = -q - 1369 - c, -q = 2*y - 2447. What is the hundreds digit of y?
2
Let b(j) = 4*j - 6. Let p be b(-5). What is the tens digit of 4 + (-4)/p + (-53451)/(-117)?
6
Suppose -n + 8 = -0*n. Suppose 0 = -2*g + 16 - n. Suppose -g*h + 356 = 12. What is the tens digit of h?
8
Let o be ((7 + -4)/9)/((-1)/6). Let u = o + 311. What is the tens digit of u?
0
Let n = 35 + -14. Let f = n + -24. What is the tens digit of 0/2 - (-99 - f)?
9
Suppose c - 614 = -4*c + 3*b, -3*b = -3*c + 372. Let t be (-1)/(-7) - 5/((-210)/(-2022)). Let k = c + t. What is the units digit of k?
3
Suppose 0 = -k + 7 - 4. Suppose -4*n - 12 + k = -3*c, 4*n = 0. Suppose 59 = c*d - 388. What is the units digit of d?
9
Let l = -25561 - -42269. Let x be l/28 - ((-16)/(-28))/(-2). Suppose 10*s + x = 13*s. What is the hundreds digit of s?
1
Let h be -92*((-35)/(-20) - 2). Suppose 0 = h*t - 15*t - 16. Suppose 5*x + 590 = 5*k, -8*k + 5*k = t*x - 329. What is the tens digit of k?
1
Suppose -4*